test common divisor of 824111 and 124118?
271
What is the highest common factor of 1440 and 1836300?
60
What is the greatest common divisor of 554724 and 1748?
76
What is the greatest common factor of 246607067 and 511?
511
Calculate the greatest common divisor of 338447 and 145559.
893
What is the highest common divisor of 560 and 12975340?
140
Calculate the highest common factor of 210 and 325069770.
30
What is the highest common divisor of 68 and 28677266?
34
Calculate the highest common factor of 361366195 and 2924.
731
Calculate the highest common divisor of 189 and 29208879.
63
Calculate the greatest common factor of 47144933 and 803.
803
Calculate the highest common factor of 405788399 and 417.
139
Calculate the greatest common factor of 512 and 23993088.
256
What is the highest common factor of 5457 and 9820995?
321
Calculate the greatest common factor of 19758 and 1101046.
74
Calculate the highest common factor of 144976 and 10941424.
8528
Calculate the highest common factor of 23458810 and 272.
34
What is the greatest common divisor of 170 and 458636030?
170
Calculate the highest common factor of 182281 and 402011.
73
Calculate the highest common divisor of 132515435 and 845.
845
What is the highest common factor of 43981276 and 152?
76
What is the highest common factor of 1482842 and 238?
34
What is the highest common divisor of 369427513 and 637?
637
What is the highest common divisor of 322 and 3841276?
46
What is the greatest common factor of 136229 and 20309?
23
What is the highest common factor of 19769729 and 4126?
2063
Calculate the highest common divisor of 7100728 and 2332.
212
What is the greatest common factor of 214422929 and 973?
973
What is the highest common factor of 84 and 6922566?
42
What is the highest common divisor of 2148005797 and 4606?
2303
Calculate the greatest common divisor of 532 and 3896284.
28
Calculate the highest common factor of 826482 and 175377.
159
What is the highest common factor of 1279372 and 3632?
908
What is the highest common factor of 151918 and 139672?
26
What is the greatest common divisor of 1197948 and 1104?
12
Calculate the greatest common factor of 27832219 and 2638.
1319
Calculate the highest common divisor of 954 and 824786.
106
Calculate the greatest common factor of 5339868 and 144.
12
What is the greatest common divisor of 55 and 31875230?
5
Calculate the highest common factor of 50 and 55736770.
10
Calculate the highest common factor of 6243 and 229315795.
2081
Calculate the greatest common factor of 59955245 and 1645.
35
What is the highest common divisor of 3045118 and 155986?
6782
What is the highest common factor of 209774 and 259249?
1979
Calculate the highest common factor of 25634622 and 16770.
3354
Calculate the highest common factor of 10824 and 1788.
12
What is the highest common divisor of 1879577 and 1650593?
9541
What is the highest common factor of 96233119 and 1246?
89
Calculate the greatest common factor of 61899 and 158907.
141
What is the highest common factor of 2001 and 73282623?
2001
Calculate the greatest common divisor of 25725 and 127722.
21
Calculate the greatest common divisor of 715 and 1878162.
143
What is the highest common divisor of 9 and 234973413?
9
What is the highest common factor of 46696 and 198848?
104
Calculate the greatest common factor of 261059 and 32.
1
Calculate the highest common divisor of 48 and 13810816.
16
Calculate the greatest common divisor of 644502606 and 198.
66
What is the highest common divisor of 200 and 229497175?
25
What is the greatest common divisor of 841255 and 763505?
1555
What is the greatest common divisor of 3416 and 1277096?
488
What is the greatest common divisor of 519 and 2402105?
173
What is the highest common factor of 56528568 and 216?
72
What is the greatest common factor of 277356 and 157644?
348
What is the highest common divisor of 4345 and 149117635?
395
What is the greatest common factor of 164089492 and 9128?
4564
Calculate the highest common divisor of 11828910 and 28320.
1770
What is the highest common factor of 4927266 and 20853?
2979
Calculate the highest common divisor of 789 and 41640527.
263
What is the highest common divisor of 129487 and 341?
31
What is the greatest common divisor of 1978236 and 7074?
54
What is the greatest common divisor of 4602 and 19452?
6
Calculate the greatest common factor of 7007883 and 16559.
571
What is the greatest common factor of 408 and 403624?
8
What is the greatest common divisor of 27615 and 10920?
105
Calculate the highest common divisor of 2074 and 104768110.
2074
Calculate the highest common divisor of 1630 and 906199315.
815
Calculate the greatest common divisor of 38424 and 766944.
24
Calculate the highest common factor of 31586 and 8392586.
1858
What is the greatest common divisor of 423 and 59118057?
423
What is the greatest common divisor of 822306 and 129270?
186
Calculate the greatest common factor of 555453229 and 926.
463
What is the greatest common divisor of 1362819 and 138?
69
Calculate the highest common divisor of 11923583 and 2331.
259
What is the highest common factor of 58099530 and 95?
95
What is the greatest common factor of 2190 and 4347510?
30
Calculate the greatest common factor of 100 and 7027925.
25
What is the highest common factor of 6 and 10530201?
3
Calculate the greatest common divisor of 26406030 and 2310.
210
Calculate the highest common divisor of 36146 and 5064222.
62
Calculate the highest common factor of 11588080 and 1120.
560
Calculate the highest common divisor of 2058 and 546357.
21
Calculate the highest common factor of 10515393 and 371.
7
Calculate the highest common divisor of 1870 and 56799754.
374
What is the greatest common divisor of 200243 and 5389?
17
What is the highest common factor of 55732038 and 738?
246
What is the greatest common factor of 73721011 and 21595?
4319
What is the greatest common divisor of 912243 and 16?
1
Calculate the greatest common divisor of 7028076 and 88.
44
What is the greatest common factor of 204 and 2548402?
34
What is the greatest common divisor of 967572184 and 8?
8
What is the highest common divisor of 78 and 52864986?
6
What is the greatest common factor of 1745369 and 29126540?
11117
Calculate the greatest common divisor of 5097424 and 368.
16
What is the greatest common factor of 3296 and 410864?
16
Calculate the highest common factor of 22468953 and 10832.
677
What is the highest common factor of 1746 and 6094122?
582
Calculate the greatest common factor of 13044894 and 11949.
1707
Calculate the greatest common factor of 2970 and 18845838.
594
What is the highest common divisor of 157058744 and 2456?
2456
Calculate the greatest common factor of 152 and 431129.
19
What is the highest common divisor of 58260258 and 126?
126
Calculate the highest common factor of 6773825 and 1375.
25
What is the greatest common factor of 5513 and 4585484?
37
Calculate the highest common divisor of 2954 and 23303.
7
Calculate the greatest common factor of 144070470 and 55400.
2770
Calculate the greatest common divisor of 17469 and 320026257.
5823
Calculate the highest common factor of 1114320 and 24240.
240
What is the highest common factor of 2371741801 and 5863?
5863
Calculate the highest common factor of 99 and 46992561.
33
Calculate the greatest common factor of 36 and 27460647.
9
Calculate the highest common factor of 2792 and 20728.
8
What is the highest common divisor of 46282 and 1938138?
634
Calculate the greatest common divisor of 1144 and 3658336.
88
Calculate the highest common divisor of 1344624 and 22236.
1308
What is the greatest common divisor of 3219 and 5355111?
87
What is the highest common factor of 1439035 and 15065?
655
Calculate the highest common factor of 495432 and 129.
3
Calculate the greatest common divisor of 45728 and 1021600.
32
Calculate the greatest common divisor of 59850 and 4179810.
570
What is the greatest common factor of 752 and 1064416?
16
Calculate the highest common divisor of 5634693 and 10323.
333
Calculate the highest common divisor of 346165875 and 495.
495
Calculate the highest common divisor of 18570 and 3858846.
3714
What is the greatest common divisor of 10311 and 43176?
21
Calculate the highest common divisor of 3774 and 33783675.
51